{"id":281,"date":"2022-12-25T18:39:51","date_gmt":"2022-12-25T17:39:51","guid":{"rendered":"https:\/\/preview.tangorra.de\/?page_id=281"},"modified":"2023-04-07T18:42:33","modified_gmt":"2023-04-07T16:42:33","slug":"kunstprojekte","status":"publish","type":"page","link":"https:\/\/tangorra.de\/de\/vita\/kunstprojekte\/","title":{"rendered":"Kunstprojekte"},"content":{"rendered":"\n<h4 class=\"wp-block-heading\">2019<\/h4>\n\n\n\n<p>Initiatorin und Leiterin des Austausch-Projektes anl\u00e4sslich des 40-Jubil\u00e4ums der St\u00e4dtepartnerschaft Freiburg &#8211; Guildford. Unterst\u00fctzt von der Stadt Freiburg und der Stadt Guildford mit der Sparkasse Freiburg.<\/p>\n\n\n\n<h4 class=\"wp-block-heading\">2017<\/h4>\n\n\n\n<p>KALEIDOSKOP Freiburg, kuratiert von Prof. Dr. Andrea Del Guercio: Initiatorin und Leiterin des Austausch-Projektes anl\u00e4sslich des 50-Jubil\u00e4ums der St\u00e4dtepartnerschaft Freiburg &#8211; Padova. Unterst\u00fctzt von der Stadt Freiburg und von Comune di Padova mit der Sparkasse Freiburg.<\/p>\n\n\n\n<h4 class=\"wp-block-heading\">seit 2016<\/h4>\n\n\n\n<p><em>in progress<\/em>, als K\u00fcnstlerduo mit Annemarie Matzakow, kuratiert von Prof. Dr. Andrea Del Guercio: <em>Voices of the World<\/em>. Interkulturelles, interreligi\u00f6ses, partizipatorisches Kunstprojekt.<br><a rel=\"noreferrer noopener\" href=\"http:\/\/www.voices-of-the-world.net\" target=\"_blank\">www.voices-of-the-world.net<br><\/a><a rel=\"noreferrer noopener\" href=\"https:\/\/www.facebook.com\/Voices-of-the-World-Art-Project-102696404430464\/\" target=\"_blank\">Voices of the World bei facebook<\/a><br><a rel=\"noreferrer noopener\" href=\"https:\/\/www.instagram.com\/voicesoftheworld_art\/\" target=\"_blank\">Voices of the World bei instagram<\/a><\/p>\n\n\n\n<h4 class=\"wp-block-heading\">2012\u20132017<\/h4>\n\n\n\n<p><em>Umschlossene Orte, Mystik im Fokus der Kunst<\/em>, kuratiert von Susanne Meier-Faust, Freiburg und Prof. Dr. Andrea Del Guercio.<\/p>\n\n\n\n<h4 class=\"wp-block-heading\"><\/h4>\n\n\n\n<div style=\"height:50px\" aria-hidden=\"true\" class=\"wp-block-spacer\"><\/div>\n\n\n\n<h4 class=\"wp-block-heading\">Kunstprojekte Beteiligung<\/h4>\n\n\n\n<h4 class=\"wp-block-heading\">2017<\/h4>\n\n\n\n<p><em>Weltensammlerinnen<\/em>, kuratiert von Dr. Nicoletta Torcelli, Kulturamt und Stelle zur Gleichberechtigung der Frau der Stadt Freiburg, Interessengemeinschaft f\u00fcr angewandte Lebensfreude e.V. Freiburg.<br><em>Mahnmal B\u00fccherverbrennung<\/em>, Entwurf, Salzburg, AT<\/p>\n\n\n\n<h4 class=\"wp-block-heading\">2016<\/h4>\n\n\n\n<p>Glasmalerei Entwurf, Battistero, Pisa, IT<\/p>\n\n\n\n<h4 class=\"wp-block-heading\">2015<\/h4>\n\n\n\n<p>Landesfeuerwehrschule Baden-W\u00fcrttemberg, Wettbewerb Beteiligung Aussenskulptur, Bruchsal<\/p>\n\n\n\n<h4 class=\"wp-block-heading\">2014<\/h4>\n\n\n\n<p>F\u00f6rderungs- und Bildungszentrums Garbsen der Handwerkskammer Hannover, Wettbewerb Beteiligung mit Wandmalerei und Wandobjekt, Hannover<\/p>\n\n\n\n<h4 class=\"wp-block-heading\">2013<\/h4>\n\n\n\n<p><em>Aufgepimpt<\/em>, Fassadegestaltung Kunst im Leerstand Freiburg, GEDOK Freiburg<\/p>\n\n\n\n<h4 class=\"wp-block-heading\">2010<\/h4>\n\n\n\n<p><em>Denkmahl f\u00fcr Georg Elser, <\/em>Wettbewerb Beteiligung Aussenskulptur, Berlin<br>Mosaikwand Botschaft der Republik India, Wettbewerb Beteiligung, Berlin<br>\u00d6kumenische Kirche im Vauban, Wettbewerb Beteiligung Fassadengestaltung, Freiburg<\/p>\n\n\n\n<p><\/p>\n","protected":false},"excerpt":{"rendered":"<p>2019 Initiatorin und Leiterin des Austausch-Projektes anl\u00e4sslich des 40-Jubil\u00e4ums der St\u00e4dtepartnerschaft Freiburg &#8211; Guildford. Unterst\u00fctzt von der Stadt Freiburg und der Stadt Guildford mit der Sparkasse Freiburg. 2017 KALEIDOSKOP Freiburg, kuratiert von Prof. Dr. Andrea Del Guercio: Initiatorin und Leiterin des Austausch-Projektes anl\u00e4sslich des 50-Jubil\u00e4ums der St\u00e4dtepartnerschaft Freiburg &#8211; Padova. Unterst\u00fctzt von der Stadt Freiburg [&hellip;]<\/p>\n","protected":false},"author":2,"featured_media":0,"parent":12,"menu_order":5,"comment_status":"closed","ping_status":"closed","template":"","meta":{"footnotes":""},"class_list":["post-281","page","type-page","status-publish","hentry"],"_links":{"self":[{"href":"https:\/\/tangorra.de\/de\/wp-json\/wp\/v2\/pages\/281","targetHints":{"allow":["GET"]}}],"collection":[{"href":"https:\/\/tangorra.de\/de\/wp-json\/wp\/v2\/pages"}],"about":[{"href":"https:\/\/tangorra.de\/de\/wp-json\/wp\/v2\/types\/page"}],"author":[{"embeddable":true,"href":"https:\/\/tangorra.de\/de\/wp-json\/wp\/v2\/users\/2"}],"replies":[{"embeddable":true,"href":"https:\/\/tangorra.de\/de\/wp-json\/wp\/v2\/comments?post=281"}],"version-history":[{"count":22,"href":"https:\/\/tangorra.de\/de\/wp-json\/wp\/v2\/pages\/281\/revisions"}],"predecessor-version":[{"id":658,"href":"https:\/\/tangorra.de\/de\/wp-json\/wp\/v2\/pages\/281\/revisions\/658"}],"up":[{"embeddable":true,"href":"https:\/\/tangorra.de\/de\/wp-json\/wp\/v2\/pages\/12"}],"wp:attachment":[{"href":"https:\/\/tangorra.de\/de\/wp-json\/wp\/v2\/media?parent=281"}],"curies":[{"name":"wp","href":"https:\/\/api.w.org\/{rel}","templated":true}]}}

<h4 class="wp-block-heading">2019</h4>



<p>Initiatorin und Leiterin des Austausch-Projektes anlässlich des 40-Jubiläums der Städtepartnerschaft Freiburg &#8211; Guildford. Unterstützt von der Stadt Freiburg und der Stadt Guildford mit der Sparkasse Freiburg.</p>



<h4 class="wp-block-heading">2017</h4>



<p>KALEIDOSKOP Freiburg, kuratiert von Prof. Dr. Andrea Del Guercio: Initiatorin und Leiterin des Austausch-Projektes anlässlich des 50-Jubiläums der Städtepartnerschaft Freiburg &#8211; Padova. Unterstützt von der Stadt Freiburg und von Comune di Padova mit der Sparkasse Freiburg.</p>



<h4 class="wp-block-heading">seit 2016</h4>



<p><em>in progress</em>, als Künstlerduo mit Annemarie Matzakow, kuratiert von Prof. Dr. Andrea Del Guercio: <em>Voices of the World</em>. Interkulturelles, interreligiöses, partizipatorisches Kunstprojekt.<br><a rel="noreferrer noopener" href="http://www.voices-of-the-world.net" target="_blank">www.voices-of-the-world.net<br></a><a rel="noreferrer noopener" href="https://www.facebook.com/Voices-of-the-World-Art-Project-102696404430464/" target="_blank">Voices of the World bei facebook</a><br><a rel="noreferrer noopener" href="https://www.instagram.com/voicesoftheworld_art/" target="_blank">Voices of the World bei instagram</a></p>



<h4 class="wp-block-heading">2012–2017</h4>



<p><em>Umschlossene Orte, Mystik im Fokus der Kunst</em>, kuratiert von Susanne Meier-Faust, Freiburg und Prof. Dr. Andrea Del Guercio.</p>



<h4 class="wp-block-heading"></h4>



<div style="height:50px" aria-hidden="true" class="wp-block-spacer"></div>



<h4 class="wp-block-heading">Kunstprojekte Beteiligung</h4>



<h4 class="wp-block-heading">2017</h4>



<p><em>Weltensammlerinnen</em>, kuratiert von Dr. Nicoletta Torcelli, Kulturamt und Stelle zur Gleichberechtigung der Frau der Stadt Freiburg, Interessengemeinschaft für angewandte Lebensfreude e.V. Freiburg.<br><em>Mahnmal Bücherverbrennung</em>, Entwurf, Salzburg, AT</p>



<h4 class="wp-block-heading">2016</h4>



<p>Glasmalerei Entwurf, Battistero, Pisa, IT</p>



<h4 class="wp-block-heading">2015</h4>



<p>Landesfeuerwehrschule Baden-Württemberg, Wettbewerb Beteiligung Aussenskulptur, Bruchsal</p>



<h4 class="wp-block-heading">2014</h4>



<p>Förderungs- und Bildungszentrums Garbsen der Handwerkskammer Hannover, Wettbewerb Beteiligung mit Wandmalerei und Wandobjekt, Hannover</p>



<h4 class="wp-block-heading">2013</h4>



<p><em>Aufgepimpt</em>, Fassadegestaltung Kunst im Leerstand Freiburg, GEDOK Freiburg</p>



<h4 class="wp-block-heading">2010</h4>



<p><em>Denkmahl für Georg Elser, </em>Wettbewerb Beteiligung Aussenskulptur, Berlin<br>Mosaikwand Botschaft der Republik India, Wettbewerb Beteiligung, Berlin<br>Ökumenische Kirche im Vauban, Wettbewerb Beteiligung Fassadengestaltung, Freiburg</p>



<p></p>

<p>2019 Initiatorin und Leiterin des Austausch-Projektes anlässlich des 40-Jubiläums der Städtepartnerschaft Freiburg &#8211; Guildford. Unterstützt von der Stadt Freiburg und der Stadt Guildford mit der Sparkasse Freiburg. 2017 KALEIDOSKOP Freiburg, kuratiert von Prof. Dr. Andrea Del Guercio: Initiatorin und Leiterin des Austausch-Projektes anlässlich des 50-Jubiläums der Städtepartnerschaft Freiburg &#8211; Padova. Unterstützt von der Stadt Freiburg [&hellip;]</p>
