{"id":38,"date":"2022-10-21T15:23:41","date_gmt":"2022-10-21T13:23:41","guid":{"rendered":"http:\/\/localhost:8888\/tangorra-wp\/?page_id=38"},"modified":"2025-06-26T14:01:42","modified_gmt":"2025-06-26T12:01:42","slug":"auszeichnungen","status":"publish","type":"page","link":"https:\/\/tangorra.de\/de\/vita\/auszeichnungen\/","title":{"rendered":"Auszeichnungen"},"content":{"rendered":"\n<h4 class=\"wp-block-heading\">2023<\/h4>\n\n\n\n<p>Artist in Residence, Villa Jamm Artists, Stadt Lahr<br>Finalist Kunstpreis Sparkasse Karlsruhe mit dem Werk <em>Allegorie 2020<\/em><br>Finalist Kunstpreis Sparkasse Kraichgau mit dem Werk <em>Fragmentierung 2021<\/em><\/p>\n\n\n\n<h4 class=\"wp-block-heading\">2022<\/h4>\n\n\n\n<p>Aufnahme in der &#8222;Deutschen Manufakturen Strasse&#8220;, Meisterrat Berlin-Brandenburg<\/p>\n\n\n\n<h4 class=\"wp-block-heading\">2021<\/h4>\n\n\n\n<p>&#8222;Freiburger Evangelistar&#8220;, Originalgrafik zur Evangeliums Stelle Mt 16, 13\u201319, Erzdi\u00f6zese Freburg<br>Projektpreis \u201eSternschnuppen Kultursommer Lahr\u201c 2021 mit &#8222;Voices of the World \u2013 Voices of Lahr&#8220;<br>2. Platz Wandgestaltung Landesgartenschau Neunburg, f\u00fcr die k\u00fcnstlerische Aufwertung der Unterf\u00fchrungen<br>Artist in Residence, Villa Jamm Artists, Stadt Lahr<\/p>\n\n\n\n<h4 class=\"wp-block-heading\">2020<\/h4>\n\n\n\n<p>1. Preis &#8222;Engel, oder kann das weg?&#8220; mit der Installation &#8222;Anprobe&#8220;, Kunstverein der Di\u00f6zese Rottenburg-Stuttgart<\/p>\n\n\n\n<h4 class=\"wp-block-heading\">2016<\/h4>\n\n\n\n<p>1. Preis Projekt &#8222;KunstProjektionenKirche&#8220;, Erzdi\u00f6zese Freiburg mit dem Raumentwurf f\u00fcr St. Oswald, Stockach <\/p>\n\n\n\n<h4 class=\"wp-block-heading\">2010<\/h4>\n\n\n\n<p>3. Preis \/ 3d price &#8222;ConneXion&#8220; mit der Mosaiks\u00e4ule &#8222;Traiettorie&#8220;, Deutschen Organisation f\u00fcr Mosaikkunst (DOMO e.V.), Maikammer<br>Biennale &#8222;Arte e Sport&#8220;<em>,<\/em> Accademia Olimpica Nazionale Italiana, Rom<\/p>\n\n\n\n<h4 class=\"wp-block-heading\">2009<\/h4>\n\n\n\n<p>Nominierung f\u00fcr Malerei, Preis &#8222;Maggio Fiorito&#8220;, Fortezza di Cento, Ferrara<\/p>\n\n\n\n<h4 class=\"wp-block-heading\">2008<\/h4>\n\n\n\n<p>1. Preis \/ 1st price <em>&#8220; <\/em>Il Grande Vetro&#8220; f\u00fcr die Produkt-Entw\u00fcrfserie &#8220; Acqua&#8220;<em>,<\/em> Brera Fine Arts Hotel, Mailand<br>Finalist Wettbewerb &#8222;Le accademie per il beato angelico&#8220; mit der Fresko-Arbeit &#8222;Fiat Lux&#8220;, 500-j\u00e4hriges Jubil\u00e4um von Fra Angelico, Rom<br>Nominierung f\u00fcr das Projekt &#8222;Forme e Colori dell\u2019Universo&#8220;, Kunstakademie Brera in Zusammenarbeit mit dem Astronomischen Observatorium, Mailand<\/p>\n\n\n\n<h4 class=\"wp-block-heading\">2005<\/h4>\n\n\n\n<p>Nominierung Premio Nazionale delle Arti mit der Freskoarbeit &#8222;Pompei&#8220;,&nbsp;Rom<\/p>\n\n\n\n<p><br><br><\/p>\n\n\n\n<p><\/p>\n\n\n\n<p><\/p>\n","protected":false},"excerpt":{"rendered":"<p>2023 Artist in Residence, Villa Jamm Artists, Stadt LahrFinalist Kunstpreis Sparkasse Karlsruhe mit dem Werk Allegorie 2020Finalist Kunstpreis Sparkasse Kraichgau mit dem Werk Fragmentierung 2021 2022 Aufnahme in der &#8222;Deutschen Manufakturen Strasse&#8220;, Meisterrat Berlin-Brandenburg 2021 &#8222;Freiburger Evangelistar&#8220;, Originalgrafik zur Evangeliums Stelle Mt 16, 13\u201319, Erzdi\u00f6zese FreburgProjektpreis \u201eSternschnuppen Kultursommer Lahr\u201c 2021 mit &#8222;Voices of the World [&hellip;]<\/p>\n","protected":false},"author":1,"featured_media":0,"parent":12,"menu_order":1,"comment_status":"closed","ping_status":"closed","template":"","meta":{"footnotes":""},"class_list":["post-38","page","type-page","status-publish","hentry"],"_links":{"self":[{"href":"https:\/\/tangorra.de\/de\/wp-json\/wp\/v2\/pages\/38","targetHints":{"allow":["GET"]}}],"collection":[{"href":"https:\/\/tangorra.de\/de\/wp-json\/wp\/v2\/pages"}],"about":[{"href":"https:\/\/tangorra.de\/de\/wp-json\/wp\/v2\/types\/page"}],"author":[{"embeddable":true,"href":"https:\/\/tangorra.de\/de\/wp-json\/wp\/v2\/users\/1"}],"replies":[{"embeddable":true,"href":"https:\/\/tangorra.de\/de\/wp-json\/wp\/v2\/comments?post=38"}],"version-history":[{"count":22,"href":"https:\/\/tangorra.de\/de\/wp-json\/wp\/v2\/pages\/38\/revisions"}],"predecessor-version":[{"id":786,"href":"https:\/\/tangorra.de\/de\/wp-json\/wp\/v2\/pages\/38\/revisions\/786"}],"up":[{"embeddable":true,"href":"https:\/\/tangorra.de\/de\/wp-json\/wp\/v2\/pages\/12"}],"wp:attachment":[{"href":"https:\/\/tangorra.de\/de\/wp-json\/wp\/v2\/media?parent=38"}],"curies":[{"name":"wp","href":"https:\/\/api.w.org\/{rel}","templated":true}]}}

<h4 class="wp-block-heading">2023</h4>



<p>Artist in Residence, Villa Jamm Artists, Stadt Lahr<br>Finalist Kunstpreis Sparkasse Karlsruhe mit dem Werk <em>Allegorie 2020</em><br>Finalist Kunstpreis Sparkasse Kraichgau mit dem Werk <em>Fragmentierung 2021</em></p>



<h4 class="wp-block-heading">2022</h4>



<p>Aufnahme in der &#8222;Deutschen Manufakturen Strasse&#8220;, Meisterrat Berlin-Brandenburg</p>



<h4 class="wp-block-heading">2021</h4>



<p>&#8222;Freiburger Evangelistar&#8220;, Originalgrafik zur Evangeliums Stelle Mt 16, 13–19, Erzdiözese Freburg<br>Projektpreis „Sternschnuppen Kultursommer Lahr“ 2021 mit &#8222;Voices of the World – Voices of Lahr&#8220;<br>2. Platz Wandgestaltung Landesgartenschau Neunburg, für die künstlerische Aufwertung der Unterführungen<br>Artist in Residence, Villa Jamm Artists, Stadt Lahr</p>



<h4 class="wp-block-heading">2020</h4>



<p>1. Preis &#8222;Engel, oder kann das weg?&#8220; mit der Installation &#8222;Anprobe&#8220;, Kunstverein der Diözese Rottenburg-Stuttgart</p>



<h4 class="wp-block-heading">2016</h4>



<p>1. Preis Projekt &#8222;KunstProjektionenKirche&#8220;, Erzdiözese Freiburg mit dem Raumentwurf für St. Oswald, Stockach </p>



<h4 class="wp-block-heading">2010</h4>



<p>3. Preis / 3d price &#8222;ConneXion&#8220; mit der Mosaiksäule &#8222;Traiettorie&#8220;, Deutschen Organisation für Mosaikkunst (DOMO e.V.), Maikammer<br>Biennale &#8222;Arte e Sport&#8220;<em>,</em> Accademia Olimpica Nazionale Italiana, Rom</p>



<h4 class="wp-block-heading">2009</h4>



<p>Nominierung für Malerei, Preis &#8222;Maggio Fiorito&#8220;, Fortezza di Cento, Ferrara</p>



<h4 class="wp-block-heading">2008</h4>



<p>1. Preis / 1st price <em>&#8220; </em>Il Grande Vetro&#8220; für die Produkt-Entwürfserie &#8220; Acqua&#8220;<em>,</em> Brera Fine Arts Hotel, Mailand<br>Finalist Wettbewerb &#8222;Le accademie per il beato angelico&#8220; mit der Fresko-Arbeit &#8222;Fiat Lux&#8220;, 500-jähriges Jubiläum von Fra Angelico, Rom<br>Nominierung für das Projekt &#8222;Forme e Colori dell’Universo&#8220;, Kunstakademie Brera in Zusammenarbeit mit dem Astronomischen Observatorium, Mailand</p>



<h4 class="wp-block-heading">2005</h4>



<p>Nominierung Premio Nazionale delle Arti mit der Freskoarbeit &#8222;Pompei&#8220;,&nbsp;Rom</p>



<p><br><br></p>



<p></p>



<p></p>

<p>2023 Artist in Residence, Villa Jamm Artists, Stadt LahrFinalist Kunstpreis Sparkasse Karlsruhe mit dem Werk Allegorie 2020Finalist Kunstpreis Sparkasse Kraichgau mit dem Werk Fragmentierung 2021 2022 Aufnahme in der &#8222;Deutschen Manufakturen Strasse&#8220;, Meisterrat Berlin-Brandenburg 2021 &#8222;Freiburger Evangelistar&#8220;, Originalgrafik zur Evangeliums Stelle Mt 16, 13–19, Erzdiözese FreburgProjektpreis „Sternschnuppen Kultursommer Lahr“ 2021 mit &#8222;Voices of the World [&hellip;]</p>
