{"id":42,"date":"2022-10-21T15:24:01","date_gmt":"2022-10-21T13:24:01","guid":{"rendered":"http:\/\/localhost:8888\/tangorra-wp\/?page_id=42"},"modified":"2026-03-28T19:57:59","modified_gmt":"2026-03-28T18:57:59","slug":"ausstellungen","status":"publish","type":"page","link":"https:\/\/tangorra.de\/de\/vita\/ausstellungen\/","title":{"rendered":"Ausstellungen"},"content":{"rendered":"\n<h4 class=\"wp-block-heading\">Einzelausstellungen<\/h4>\n\n\n\n<p>K = Katalog<\/p>\n\n\n\n<figure class=\"wp-block-table\"><table><tbody><tr><td>2026<\/td><td><em>Chloris Verm\u00e4chtnis<\/em>, Hohenwart Forum Pforzheim<br>KUNST |WERK |GARTEN, Handwerksmuseum Kehl Kork<\/td><\/tr><tr><td>2025<\/td><td><em>Flowering Hope<\/em>, Kirche St- Peter und Paul, Lahr<br><em><em>Mystische G\u00e4rten zum Rosenfest: Orient trifft Okzident<\/em><\/em>, Ev. Katharinenkirche Seelbach<br><em>Knocking on Heavens Door<\/em>, Schlo\u00dfkirche Bruchsal mit T.B\u00fcrgelin Arslan<br><em>e-vento f\u00fcr Mailand<\/em>, Italienisches Konsulat Freiburg, mit C. Ohlmer<\/td><\/tr><tr><td>2024<\/td><td><em>Epiphanien<\/em>, Rathaus Lahr<br><em>Carpe Diem<\/em>, Handwerksmuseum Kehl-Kork<br><em>Persische G\u00e4rten<\/em>, Ev. Katharinenkirche Seelbach<br><\/td><\/tr><tr><td>2023<\/td><td><em>Anima Mundi<\/em>, Villa Jamm, Stadt Lahr \/Schwarzwald, mit E. Scherer <br><em>Voices of the World<\/em>, Citykirche St. Jakob, Z\u00fcrich CH, mit A. Matzakow <br><em>Voices of Karlsruhe<\/em>, Abschlussausstellung, Regierungspr\u00e4sidium Karlsruhe, mit A. Matzakow  (K)<\/td><\/tr><tr><td>2022<\/td><td><em>Theophanien<\/em>, Erzdi\u00f6zese Freiburg Collegium Borromeum, Freiburg<br><em>Voices of Karlsruhe<\/em>, St. Stephan Citypastoral Karlsruhe, mit A. Matzakow (K)<\/td><\/tr><tr><td>2021<\/td><td><em>Was bleibt von unseren G\u00e4rten, <\/em>Villa Jamm, Stadt Lahr\/Schwarzwald<br><em>Kunst Netz Werk<\/em> <em>online<\/em>, <em>ein dialogisches Kunstprojekt,<\/em> mit Cristina Ohlmer  (K)<br><em>Voices of Lahr<\/em>, Villa Jamm, Lahr\/Schwarzwald, mit A. Matzakow  (K)<br><em>Voices of Karlsruhe<\/em>, Ev. Kleine Kirche, Karlsruhe, mit A. Matzakow  (K)<\/td><\/tr><tr><td>2020<\/td><td><em>Voices of Karlsruhe<\/em>, Evangelische Stadtkirche Karlsruhe, mit A. Matzakow  (K)<em><br>Voices of Freiburg<\/em>, Kulturwerk T66, Abschluss Veranstaltung, Freiburg, mit A. Matzakow  (K)<em> <\/em><\/td><\/tr><tr><td>2019<\/td><td><em>Voices of Freiburg<\/em> , Kirche Sankt Johann &#8211; Kirche Sankt Martin &#8211; Tibet Kailash Haus &#8211; Wohnstift Freiburg &#8211; UWC College &#8211; Justizvollzuganstalt Freiburg, mit A.Matzakow (K)<\/td><\/tr><tr><td>2018<\/td><td><em>Voices of Freiburg<\/em>, Universit\u00e4tskirche, Albert-Ludwigs-Universit\u00e4t Freiburg, mit A. Matzakow (K)<em><br>Tracce in giardino, opere alla ricerca di un luogo<\/em>, Palazzo Canali Caccia Museo Sant&#8217;Oreste, Roma IT<em><br>Horti, ricerche nel verde<\/em>, Palazzo Liberati Museo civico comunale, Ponzano Romano, Roma IT<em><br>Voices of Freiburg<\/em>, Woche der Stille, Universit\u00e4tskirche, Freiburg, mit A. Matzakow (K)<\/td><\/tr><tr><td>2017<\/td><td><em>Voices of the World<\/em>, Woche der Stille, Maria Magdalena Kirche, Freiburg, mit A. Matzakow (K)<\/td><\/tr><tr><td>2015<\/td><td>Festa Nazionale della Repubblica Italiana, Historisches Kaufhaus Freiburg<\/td><\/tr><tr><td>2013<\/td><td><em>I Dodici Giardini<\/em>, Corpus Domini Wallfahrtskirche, Bologna  (K)<\/td><\/tr><tr><td>2012<\/td><td><em>Universo Dentro<\/em> | <em>Der Kosmos in mir<\/em>, neues Rathaus, Denzlingen <br><em>Zw\u00f6lf G\u00e4rten<\/em>, Pfarrei Sankt Martin, Freiburg  (K)<em><br>Zw\u00f6lf G\u00e4rten<\/em>, Kloster Kappel, Albis CH  (K)<\/td><\/tr><\/tbody><\/table><\/figure>\n\n\n\n<h4 class=\"wp-block-heading\">Gruppenausstellungen<\/h4>\n\n\n\n<p>Auswahl 2016\u20132023<\/p>\n\n\n\n<figure class=\"wp-block-table\"><table><tbody><tr><td>2026<\/td><td><em>Gesellschaft der Zukunft<\/em>, Art Wefa Haus, Niedergesteln CH<br><em>ZU-WENDUNG. Barmherzig sein konkret<\/em>, Bildungszentrum, Mosbach<br><em>ZU-WENDUNG. Barmherzig sein konkret<\/em>, St. Johannes, Emmendingen<br><em>ZU-WENDUNG. Barmherzig sein konkret<\/em>, Zentrale des Caritasverbandes f\u00fcr die Erzdi\u00f6zese Freiburg<\/td><\/tr><tr><td>2025<\/td><td><em>ZU-WENDUNG. Barmherzig sein konkret<\/em>, Kloster Hegne, Allensbach<br><em><em>Body and Soul. Verk\u00f6rperung und Entk\u00f6rperung in Gesellschaft und Kunst<\/em><\/em>, Kloster Sch\u00f6ntal<br><em>Einblicke<\/em>, St\u00e4dtische Galerie Offenburg<br><em>Kunstprojekt Pumpwerk<\/em>, Hugsweier<br><em>Druckfrisch<\/em>, K\u00fcnstlerhaus Karlsruhe<br><em>ETAK<\/em>, Europ\u00e4ische Tage des Kunsthandwerks<br>Mitgliederausstellung BBK, K\u00fcnstlerhaus Karlsruhe<\/td><\/tr><tr><td>2024<\/td><td>Mitgliederausstellung Badischer Kunstverein Karlsruhe <br>Mitgliederausstellung Kunstforum Waldkirch<br>Mitgliederausstellung BBK , K\u00fcnstlerhaus Karlsruhe <br><em>Noah 2024<\/em>, Meckelhalle, Sparkasse Freiburg<br><em>Momentaufnahme<\/em>, Galerie L&#8217;Art pour Lahr<br><em>ETAK<\/em>, Europ\u00e4ische Tage des Kunsthandwerks<br>Reichenauer K\u00fcnstlertage<\/td><\/tr><tr><td>2023<\/td><td><em>Es werde<\/em>, Katholische Akademie Freiburg<br><em>Ohne Masken<\/em>, 46. Kunstpreis der Kulturstiftung der Sparkasse Karlsruhe <br><em>Wandel<\/em>, Kunstpreis der Sparkasse Kraichgau, Altenb\u00fcrghalle Karlsdorf- Neuthard<br><em>No\u00e9 2023<\/em>, Salle Prudhom, Besan\u00e7on FR<\/td><\/tr><tr><td>2022<\/td><td><em>Neue Mitglieder<\/em>, K\u00fcnstlerhaus Karlsruhe<br><em>Kaleidoskop 1+2, <\/em>Museo Irpino, Avellino IT (K)<br><em>50 Jahre BBK<\/em>, K\u00fcnstlerhaus Karlsruhe<em><br>Der Garten Eden, <\/em>Galerie Marek Kralewski, Freiburg<em><br>Botschaft Bild,<\/em> Evangelistar Freiburg, Ausstellung Wettbewerb-Finalisten, C-Punkt M\u00fcnsterforum, Freiburg (K) <em><br>Talita Kum<\/em>, Kloster Hegne, Allensbach-Hegne (K)<br><em>60 Jahre St\u00e4dtepartnerschaft Lahr &#8211; Dole<\/em>, Chapelle Les Carm\u00e9lites, Dole F <em><br><\/em><\/td><\/tr><tr><td>2021<\/td><td><em><em>Villa Jamm Artists, <\/em><\/em>Skulpturen und Installationen im Stadtpark,Lahr\/Schwarzwald<em><em><br><\/em>BAU Contenitore di arte contemporanea 2004-2020<\/em>, Musem CAMeC Centro arte moderna e contemporanea della Spezia, La Spezia, IT (K)<br><em>Faceless, <\/em>Galerie L\u2018Art pour Lahr, Lahr\/Schwarzwald <em><br>Momentaufnahme<\/em>, Galerie L\u2018Art pour Lahr, Lahr\/Schwarzwald<br><em>Leser-Produktkunst<\/em>, Stadtmuseum Tonofenfabrik, Lahr\/Schwarzwald<br><em>Vorgl\u00fchen<\/em>, K\u00fcnstlerhaus Karlsruhe<\/td><\/tr><tr><td>2020<\/td><td><em>Engel, oder kann das weg?<\/em> Regierungspr\u00e4sidium Karlsruhe (K)<br><em>Engel, oder kann das weg?<\/em> Kloster Obermarchtal (K)<br><em>Engel, oder kann das weg? <\/em>Marbach am Neckar (K) <em><br>BAU Contenitore di arte contemporanea<\/em>, Musem CAMeC Centro arte moderna e contemporanea della Spezia, La Spezia, IT (K)<em><br>Open Art Freiburg<\/em>, Freiburg (K)<\/td><\/tr><tr><td>2019<\/td><td><em><em>Il colore e la luce<\/em>, <\/em>Museo di Arte Sacra, Camaiore, Lucca IT<em><em><br>Il colore e la luce<\/em>, <\/em>Badia di San Pietro, Camaiore, Lucca IT<em><br>TheRhinePrize,<\/em> Wettbewerb Finalisten, Skulpturen Park Katharinenhof, Bonn<em><br>40th of twin-towns Freiburg and Guildford<\/em>: Surrey Hills Sculpture Garden &amp; Art Festival, Birtley House, Guildford UK (K)<em><br>Voices of the World &#8211; Voices of Freiburg<\/em>, Guildford House Gallery UK (K)<em><br>Regards d&#8217;artistes sur l&#8217;avenir<\/em> |<em>K\u00fcnstler blicken auf die Zukunft<\/em>: Meckelhalle, Sparkasse Freiburg (K)<em><br>Regards d&#8217;artistes sur l&#8217;avenir<\/em> |<em>K\u00fcnstler blicken auf die Zukunft<\/em>: Salle Prudhom, Besan\u00e7on FR (K)<\/td><\/tr><tr><td>2018<\/td><td><em>BAU Contenitore di Arte Contemporanea<\/em>, Galerie Marek Kralewski, Freiburg (K)<em><br>Kunst im Fauler Bad<\/em>, Freiburg (K)<\/td><\/tr><tr><td>2017<\/td><td><em>KALEIDOSKOP FREIBURG<\/em>, 50. Jubil\u00e4um Freiburg- Padua 1967-2017, Centro Altinate San Gaetano, Padua (K)<em><br>BAU Contenitore di cultura contemporanea<\/em>: Galleria di Arte moderna, Viareggio ITPaola Raffo Arte Contemporanea, Pietrasanta IT, Biblioteca Braidense Milano IT  (K)<em><br>Kunst im Fauler Bad<\/em>, Freiburg (K)<\/td><\/tr><tr><td>2016<\/td><td><em>Walk of Triathlon<\/em>, Ausstellung der Wettbewerb-Finalisten, Stadt Roth<em><br>Kunst-Projektionen-Kirche<\/em>, Wettbewerb Finalisten, St. Oswald, Stockach (K)<em><br>Kunst im Fauler Bad<\/em>, Freiburg (K)<em><br>The Rhine Art<\/em>, Skulpturen Park Katharinenhof Bonn<em><br>Der Stille eine Stimme. Dem Dunkel ein Gesicht<\/em>, Regierungspr\u00e4sidium Freiburg (K)<em><br>Umschlossene Orte<\/em>, K\u00fcnstlerinnenforum Karlsruhe (K)<\/td><\/tr><\/tbody><\/table><\/figure>\n\n\n\n<p><\/p>\n","protected":false},"excerpt":{"rendered":"<p>Einzelausstellungen K = Katalog 2026 Chloris Verm\u00e4chtnis, Hohenwart Forum PforzheimKUNST |WERK |GARTEN, Handwerksmuseum Kehl Kork 2025 Flowering Hope, Kirche St- Peter und Paul, LahrMystische G\u00e4rten zum Rosenfest: Orient trifft Okzident, Ev. Katharinenkirche SeelbachKnocking on Heavens Door, Schlo\u00dfkirche Bruchsal mit T.B\u00fcrgelin Arslane-vento f\u00fcr Mailand, Italienisches Konsulat Freiburg, mit C. Ohlmer 2024 Epiphanien, Rathaus LahrCarpe Diem, Handwerksmuseum [&hellip;]<\/p>\n","protected":false},"author":1,"featured_media":0,"parent":12,"menu_order":3,"comment_status":"closed","ping_status":"closed","template":"","meta":{"footnotes":""},"class_list":["post-42","page","type-page","status-publish","hentry"],"_links":{"self":[{"href":"https:\/\/tangorra.de\/de\/wp-json\/wp\/v2\/pages\/42","targetHints":{"allow":["GET"]}}],"collection":[{"href":"https:\/\/tangorra.de\/de\/wp-json\/wp\/v2\/pages"}],"about":[{"href":"https:\/\/tangorra.de\/de\/wp-json\/wp\/v2\/types\/page"}],"author":[{"embeddable":true,"href":"https:\/\/tangorra.de\/de\/wp-json\/wp\/v2\/users\/1"}],"replies":[{"embeddable":true,"href":"https:\/\/tangorra.de\/de\/wp-json\/wp\/v2\/comments?post=42"}],"version-history":[{"count":51,"href":"https:\/\/tangorra.de\/de\/wp-json\/wp\/v2\/pages\/42\/revisions"}],"predecessor-version":[{"id":809,"href":"https:\/\/tangorra.de\/de\/wp-json\/wp\/v2\/pages\/42\/revisions\/809"}],"up":[{"embeddable":true,"href":"https:\/\/tangorra.de\/de\/wp-json\/wp\/v2\/pages\/12"}],"wp:attachment":[{"href":"https:\/\/tangorra.de\/de\/wp-json\/wp\/v2\/media?parent=42"}],"curies":[{"name":"wp","href":"https:\/\/api.w.org\/{rel}","templated":true}]}}

<h4 class="wp-block-heading">Einzelausstellungen</h4>



<p>K = Katalog</p>



<figure class="wp-block-table"><table><tbody><tr><td>2026</td><td><em>Chloris Vermächtnis</em>, Hohenwart Forum Pforzheim<br>KUNST |WERK |GARTEN, Handwerksmuseum Kehl Kork</td></tr><tr><td>2025</td><td><em>Flowering Hope</em>, Kirche St- Peter und Paul, Lahr<br><em><em>Mystische Gärten zum Rosenfest: Orient trifft Okzident</em></em>, Ev. Katharinenkirche Seelbach<br><em>Knocking on Heavens Door</em>, Schloßkirche Bruchsal mit T.Bürgelin Arslan<br><em>e-vento für Mailand</em>, Italienisches Konsulat Freiburg, mit C. Ohlmer</td></tr><tr><td>2024</td><td><em>Epiphanien</em>, Rathaus Lahr<br><em>Carpe Diem</em>, Handwerksmuseum Kehl-Kork<br><em>Persische Gärten</em>, Ev. Katharinenkirche Seelbach<br></td></tr><tr><td>2023</td><td><em>Anima Mundi</em>, Villa Jamm, Stadt Lahr /Schwarzwald, mit E. Scherer <br><em>Voices of the World</em>, Citykirche St. Jakob, Zürich CH, mit A. Matzakow <br><em>Voices of Karlsruhe</em>, Abschlussausstellung, Regierungspräsidium Karlsruhe, mit A. Matzakow  (K)</td></tr><tr><td>2022</td><td><em>Theophanien</em>, Erzdiözese Freiburg Collegium Borromeum, Freiburg<br><em>Voices of Karlsruhe</em>, St. Stephan Citypastoral Karlsruhe, mit A. Matzakow (K)</td></tr><tr><td>2021</td><td><em>Was bleibt von unseren Gärten, </em>Villa Jamm, Stadt Lahr/Schwarzwald<br><em>Kunst Netz Werk</em> <em>online</em>, <em>ein dialogisches Kunstprojekt,</em> mit Cristina Ohlmer  (K)<br><em>Voices of Lahr</em>, Villa Jamm, Lahr/Schwarzwald, mit A. Matzakow  (K)<br><em>Voices of Karlsruhe</em>, Ev. Kleine Kirche, Karlsruhe, mit A. Matzakow  (K)</td></tr><tr><td>2020</td><td><em>Voices of Karlsruhe</em>, Evangelische Stadtkirche Karlsruhe, mit A. Matzakow  (K)<em><br>Voices of Freiburg</em>, Kulturwerk T66, Abschluss Veranstaltung, Freiburg, mit A. Matzakow  (K)<em> </em></td></tr><tr><td>2019</td><td><em>Voices of Freiburg</em> , Kirche Sankt Johann &#8211; Kirche Sankt Martin &#8211; Tibet Kailash Haus &#8211; Wohnstift Freiburg &#8211; UWC College &#8211; Justizvollzuganstalt Freiburg, mit A.Matzakow (K)</td></tr><tr><td>2018</td><td><em>Voices of Freiburg</em>, Universitätskirche, Albert-Ludwigs-Universität Freiburg, mit A. Matzakow (K)<em><br>Tracce in giardino, opere alla ricerca di un luogo</em>, Palazzo Canali Caccia Museo Sant&#8217;Oreste, Roma IT<em><br>Horti, ricerche nel verde</em>, Palazzo Liberati Museo civico comunale, Ponzano Romano, Roma IT<em><br>Voices of Freiburg</em>, Woche der Stille, Universitätskirche, Freiburg, mit A. Matzakow (K)</td></tr><tr><td>2017</td><td><em>Voices of the World</em>, Woche der Stille, Maria Magdalena Kirche, Freiburg, mit A. Matzakow (K)</td></tr><tr><td>2015</td><td>Festa Nazionale della Repubblica Italiana, Historisches Kaufhaus Freiburg</td></tr><tr><td>2013</td><td><em>I Dodici Giardini</em>, Corpus Domini Wallfahrtskirche, Bologna  (K)</td></tr><tr><td>2012</td><td><em>Universo Dentro</em> | <em>Der Kosmos in mir</em>, neues Rathaus, Denzlingen <br><em>Zwölf Gärten</em>, Pfarrei Sankt Martin, Freiburg  (K)<em><br>Zwölf Gärten</em>, Kloster Kappel, Albis CH  (K)</td></tr></tbody></table></figure>



<h4 class="wp-block-heading">Gruppenausstellungen</h4>



<p>Auswahl 2016–2023</p>



<figure class="wp-block-table"><table><tbody><tr><td>2026</td><td><em>Gesellschaft der Zukunft</em>, Art Wefa Haus, Niedergesteln CH<br><em>ZU-WENDUNG. Barmherzig sein konkret</em>, Bildungszentrum, Mosbach<br><em>ZU-WENDUNG. Barmherzig sein konkret</em>, St. Johannes, Emmendingen<br><em>ZU-WENDUNG. Barmherzig sein konkret</em>, Zentrale des Caritasverbandes für die Erzdiözese Freiburg</td></tr><tr><td>2025</td><td><em>ZU-WENDUNG. Barmherzig sein konkret</em>, Kloster Hegne, Allensbach<br><em><em>Body and Soul. Verkörperung und Entkörperung in Gesellschaft und Kunst</em></em>, Kloster Schöntal<br><em>Einblicke</em>, Städtische Galerie Offenburg<br><em>Kunstprojekt Pumpwerk</em>, Hugsweier<br><em>Druckfrisch</em>, Künstlerhaus Karlsruhe<br><em>ETAK</em>, Europäische Tage des Kunsthandwerks<br>Mitgliederausstellung BBK, Künstlerhaus Karlsruhe</td></tr><tr><td>2024</td><td>Mitgliederausstellung Badischer Kunstverein Karlsruhe <br>Mitgliederausstellung Kunstforum Waldkirch<br>Mitgliederausstellung BBK , Künstlerhaus Karlsruhe <br><em>Noah 2024</em>, Meckelhalle, Sparkasse Freiburg<br><em>Momentaufnahme</em>, Galerie L&#8217;Art pour Lahr<br><em>ETAK</em>, Europäische Tage des Kunsthandwerks<br>Reichenauer Künstlertage</td></tr><tr><td>2023</td><td><em>Es werde</em>, Katholische Akademie Freiburg<br><em>Ohne Masken</em>, 46. Kunstpreis der Kulturstiftung der Sparkasse Karlsruhe <br><em>Wandel</em>, Kunstpreis der Sparkasse Kraichgau, Altenbürghalle Karlsdorf- Neuthard<br><em>Noé 2023</em>, Salle Prudhom, Besançon FR</td></tr><tr><td>2022</td><td><em>Neue Mitglieder</em>, Künstlerhaus Karlsruhe<br><em>Kaleidoskop 1+2, </em>Museo Irpino, Avellino IT (K)<br><em>50 Jahre BBK</em>, Künstlerhaus Karlsruhe<em><br>Der Garten Eden, </em>Galerie Marek Kralewski, Freiburg<em><br>Botschaft Bild,</em> Evangelistar Freiburg, Ausstellung Wettbewerb-Finalisten, C-Punkt Münsterforum, Freiburg (K) <em><br>Talita Kum</em>, Kloster Hegne, Allensbach-Hegne (K)<br><em>60 Jahre Städtepartnerschaft Lahr &#8211; Dole</em>, Chapelle Les Carmélites, Dole F <em><br></em></td></tr><tr><td>2021</td><td><em><em>Villa Jamm Artists, </em></em>Skulpturen und Installationen im Stadtpark,Lahr/Schwarzwald<em><em><br></em>BAU Contenitore di arte contemporanea 2004-2020</em>, Musem CAMeC Centro arte moderna e contemporanea della Spezia, La Spezia, IT (K)<br><em>Faceless, </em>Galerie L‘Art pour Lahr, Lahr/Schwarzwald <em><br>Momentaufnahme</em>, Galerie L‘Art pour Lahr, Lahr/Schwarzwald<br><em>Leser-Produktkunst</em>, Stadtmuseum Tonofenfabrik, Lahr/Schwarzwald<br><em>Vorglühen</em>, Künstlerhaus Karlsruhe</td></tr><tr><td>2020</td><td><em>Engel, oder kann das weg?</em> Regierungspräsidium Karlsruhe (K)<br><em>Engel, oder kann das weg?</em> Kloster Obermarchtal (K)<br><em>Engel, oder kann das weg? </em>Marbach am Neckar (K) <em><br>BAU Contenitore di arte contemporanea</em>, Musem CAMeC Centro arte moderna e contemporanea della Spezia, La Spezia, IT (K)<em><br>Open Art Freiburg</em>, Freiburg (K)</td></tr><tr><td>2019</td><td><em><em>Il colore e la luce</em>, </em>Museo di Arte Sacra, Camaiore, Lucca IT<em><em><br>Il colore e la luce</em>, </em>Badia di San Pietro, Camaiore, Lucca IT<em><br>TheRhinePrize,</em> Wettbewerb Finalisten, Skulpturen Park Katharinenhof, Bonn<em><br>40th of twin-towns Freiburg and Guildford</em>: Surrey Hills Sculpture Garden &amp; Art Festival, Birtley House, Guildford UK (K)<em><br>Voices of the World &#8211; Voices of Freiburg</em>, Guildford House Gallery UK (K)<em><br>Regards d&#8217;artistes sur l&#8217;avenir</em> |<em>Künstler blicken auf die Zukunft</em>: Meckelhalle, Sparkasse Freiburg (K)<em><br>Regards d&#8217;artistes sur l&#8217;avenir</em> |<em>Künstler blicken auf die Zukunft</em>: Salle Prudhom, Besançon FR (K)</td></tr><tr><td>2018</td><td><em>BAU Contenitore di Arte Contemporanea</em>, Galerie Marek Kralewski, Freiburg (K)<em><br>Kunst im Fauler Bad</em>, Freiburg (K)</td></tr><tr><td>2017</td><td><em>KALEIDOSKOP FREIBURG</em>, 50. Jubiläum Freiburg- Padua 1967-2017, Centro Altinate San Gaetano, Padua (K)<em><br>BAU Contenitore di cultura contemporanea</em>: Galleria di Arte moderna, Viareggio ITPaola Raffo Arte Contemporanea, Pietrasanta IT, Biblioteca Braidense Milano IT  (K)<em><br>Kunst im Fauler Bad</em>, Freiburg (K)</td></tr><tr><td>2016</td><td><em>Walk of Triathlon</em>, Ausstellung der Wettbewerb-Finalisten, Stadt Roth<em><br>Kunst-Projektionen-Kirche</em>, Wettbewerb Finalisten, St. Oswald, Stockach (K)<em><br>Kunst im Fauler Bad</em>, Freiburg (K)<em><br>The Rhine Art</em>, Skulpturen Park Katharinenhof Bonn<em><br>Der Stille eine Stimme. Dem Dunkel ein Gesicht</em>, Regierungspräsidium Freiburg (K)<em><br>Umschlossene Orte</em>, Künstlerinnenforum Karlsruhe (K)</td></tr></tbody></table></figure>



<p></p>

<p>Einzelausstellungen K = Katalog 2026 Chloris Vermächtnis, Hohenwart Forum PforzheimKUNST |WERK |GARTEN, Handwerksmuseum Kehl Kork 2025 Flowering Hope, Kirche St- Peter und Paul, LahrMystische Gärten zum Rosenfest: Orient trifft Okzident, Ev. Katharinenkirche SeelbachKnocking on Heavens Door, Schloßkirche Bruchsal mit T.Bürgelin Arslane-vento für Mailand, Italienisches Konsulat Freiburg, mit C. Ohlmer 2024 Epiphanien, Rathaus LahrCarpe Diem, Handwerksmuseum [&hellip;]</p>
