{"id":36,"date":"2022-10-21T15:23:25","date_gmt":"2022-10-21T13:23:25","guid":{"rendered":"http:\/\/localhost:8888\/tangorra-wp\/?page_id=36"},"modified":"2025-04-02T14:17:12","modified_gmt":"2025-04-02T12:17:12","slug":"cv","status":"publish","type":"page","link":"https:\/\/tangorra.de\/en\/vita\/cv\/","title":{"rendered":"CV"},"content":{"rendered":"<p>Born in Milan, Italy.<br>Lebt und arbeitet bei Lahr\/Schwarzwald, DE + Mailand, IT.<br>Since 1984 she works as a self-employed visual artist.<\/p>\n\n\n\n<div style=\"height:20px\" aria-hidden=\"true\" class=\"wp-block-spacer\"><\/div>\n\n\n\n<h4 class=\"wp-block-heading\">Field of work<\/h4>\n\n\n\n<p>Freie k\u00fcnstlerische Arbeit | Teilnahme an Kunstwettbewerben | Auftragsarbeiten im Bereich Malerei, Wandmalerei und Raumgestaltung | freie Lehrt\u00e4tigkeit, Schwerpunkt Malerei und Hochschulstudium-Vorbereitung | Privatunterricht, k\u00fcnstlerische Begleitung<\/p>\n\n\n\n<div style=\"height:20px\" aria-hidden=\"true\" class=\"wp-block-spacer\"><\/div>\n\n\n\n<h4 class=\"wp-block-heading\">K\u00fcnstlerische Ausbildung<\/h4>\n\n\n\n<figure class=\"wp-block-table\"><table><tbody><tr><td class=\"has-text-align-left\" data-align=\"left\">2005\u20132009<\/td><td>Accademia di Belle Arti di Brera, Kunst Diplom mit Auszeichnung<\/td><\/tr><tr><td class=\"has-text-align-left\" data-align=\"left\">1980\u20131984<\/td><td>Studium der Architektur an der Universit\u00e4t La Sapienza in Rom und am Politecnico Mailand<\/td><\/tr><\/tbody><\/table><\/figure>\n\n\n\n<div style=\"height:20px\" aria-hidden=\"true\" class=\"wp-block-spacer\"><\/div>\n\n\n\n<h4 class=\"wp-block-heading\">K\u00fcnstlerische Aktivit\u00e4ten<\/h4>\n\n\n\n<figure class=\"wp-block-table\"><table><tbody><tr><td class=\"has-text-align-left\" data-align=\"left\">2015\u20132019<\/td><td>Vorstandsmitglied BBK S\u00fcdbaden und Kulturwerk T66 Freiburg<\/td><\/tr><tr><td class=\"has-text-align-left\" data-align=\"left\">seit 2018<\/td><td>Vorstandsmitglied Gemeinschaft Christliche K\u00fcnstler Erzdi\u00f6zese Freiburg<\/td><\/tr><tr><td class=\"has-text-align-left\" data-align=\"left\">seit 2017<\/td><td>Wissenschaftlicher Beirat der Pinakothek Montopoli di Sabina, Rieti IT<\/td><\/tr><tr><td class=\"has-text-align-left\" data-align=\"left\">2016 &#8211; 2023<\/td><td>K\u00fcnstlerduo mit Annemarie Matzakow im Rahmen des Kunstprojektes <em>Voices of the World<\/em><\/td><\/tr><\/tbody><\/table><\/figure>\n\n\n\n<div style=\"height:20px\" aria-hidden=\"true\" class=\"wp-block-spacer\"><\/div>\n\n\n\n<h4 class=\"wp-block-heading\">Werke in \u00f6ffentlichen Sammlungen<\/h4>\n\n\n\n<p>Erzdi\u00f6zese Freiburg im Breisgau<br>Museo della Specola, Castelgandolfo, Citt\u00e0 del Vaticano<br>Rathaus Landau an der Isar<br>Pinacoteca di Montopoli di Sabina, Rieti, IT<br>Museo Sant&#8217;Oreste, Roma, IT<br>Archivio del &#8218;900 (MaRt),&nbsp; Rovereto IT<br>Centre Pompidou, Paris FR<br>Tate Modern Library, London UK<br>Museo del Novecento, Milano IT<br>Triennale, Milano IT<br>Museum of Contemporary Art (<em>MOCA<\/em>), Miami USA<br>Beinecke Rare Book &amp; Manuscript Library, Yale University of New Haven, Connecticut USA<\/p>\n\n\n\n<div style=\"height:20px\" aria-hidden=\"true\" class=\"wp-block-spacer\"><\/div>\n\n\n\n<h4 class=\"wp-block-heading\"><strong>Referenzen \/ Ank\u00e4ufe (Auswahl)<\/strong><\/h4>\n\n\n\n<p>Museo della Specola, Citt\u00e0 del Vaticano, Pergament f\u00fcr die P\u00e4pstliche Unterschiftensammlung<br>Kapelle Castelgandolfo,  Citt\u00e0 del Vaticano, Glasmalerei Entwurf<br>Rathaus Landau an der Isar, Gestaltung Trauungszimmer<br>St. Joseph Kapelle, Landau an der Isar, Deckengestaltung<em><br><\/em>Paulaner Br\u00e4uhaus, M\u00fcnchen, Decken- und Wandgem\u00e4lden<br>Antonio Lupi Design,  Stabbia Cerreto Guidi, Floenz, Glasgestaltungs- Entw\u00fcrfe Duschkabinen<em><br><\/em>Privatschulen Von Platen, Melbeck, Gem\u00e4lde im Eingangssaal <em><br><\/em>Eurographics AG, Regensbur, Gestaltung von Editionen im Bereich Temporary Interior Design<em><br><\/em>Unser Wirtshaus, Eggenfelden, Deckengem\u00e4lden <em><br><\/em>Hotel Colosseum, Wandmalerei, Europapark Rust<br>Sennhof, Rheinfelden Baden, Fassadenmalerei<br>Traditional Bathrooms, M\u00fcnchen DE und St. Johann CH<em><br><\/em>Hotel zur Sonne,  Badenweiler, Fassaden- und Wandmalerei, Ausstattung Hotel-Eingang und -Zimmer<em><br><\/em>Hotel Rappen, Freiburg, Wandmalerei  Hotel-Eingang und -Zimmer<em><br><\/em>Hotel Classic, Freiburg, Wandmalerei, Ausstattung der Gastr\u00e4ume und Hotelzimmer<em><br><\/em>Hotel Pfauen, Endingen am Kaiserstuhl, Entwurf Fassadengestaltung<br>Alemannische B\u00fchne Freiburg, Veranstaltungsplakate<br>Loretto Kindergarten, Freiburg, Fassadenmalerei<br>Winzergenossenschaft Wolfenweiler eG, Schallstadt, Fassadenmalerei<\/p>\n\n\n\n<div style=\"height:20px\" aria-hidden=\"true\" class=\"wp-block-spacer\"><\/div>\n\n\n\n<h4 class=\"wp-block-heading\">K\u00fcnstlervereinigungen<\/h4>\n\n\n\n<p>Verwertungsgesellschaft VG Bild-Kunst<br>BBK Berufsverband Bildender K\u00fcnstlerinnen und K\u00fcnstler Karlsruhe<br>DG Kunstraum | Deutsche Gesellschaft f\u00fcr christliche Kunst, M\u00fcnchen<br>GCK Gemeinschaft Christlicher K\u00fcnstler*innen. Erzdi\u00f6zese Freiburg<br>Kunstverein der Di\u00f6zese Rottenburg &#8211; Stuttgart<br>K\u00fcnstlerverein L&#8217;Art pou Lahr, Lahr \/ Schwarzwald<\/p>\n\n\n\n<div style=\"height:20px\" aria-hidden=\"true\" class=\"wp-block-spacer\"><\/div>","protected":false},"excerpt":{"rendered":"<p>Geboren in Mailand, Italien.Lebt und arbeitet bei Lahr\/Schwarzwald, DE + Mailand, IT.Seit 1984 freiberuflich t\u00e4tig als bildende K\u00fcnstlerin. T\u00e4tigkeitsfeld Freie k\u00fcnstlerische Arbeit | Teilnahme an Kunstwettbewerben | Auftragsarbeiten im Bereich Malerei, Wandmalerei und Raumgestaltung | freie Lehrt\u00e4tigkeit, Schwerpunkt Malerei und Hochschulstudium-Vorbereitung | Privatunterricht, k\u00fcnstlerische Begleitung K\u00fcnstlerische Ausbildung 2005\u20132009 Accademia di Belle Arti di Brera, Kunst [&hellip;]<\/p>","protected":false},"author":1,"featured_media":0,"parent":12,"menu_order":0,"comment_status":"closed","ping_status":"closed","template":"","meta":{"footnotes":""},"class_list":["post-36","page","type-page","status-publish","hentry"],"_links":{"self":[{"href":"https:\/\/tangorra.de\/en\/wp-json\/wp\/v2\/pages\/36","targetHints":{"allow":["GET"]}}],"collection":[{"href":"https:\/\/tangorra.de\/en\/wp-json\/wp\/v2\/pages"}],"about":[{"href":"https:\/\/tangorra.de\/en\/wp-json\/wp\/v2\/types\/page"}],"author":[{"embeddable":true,"href":"https:\/\/tangorra.de\/en\/wp-json\/wp\/v2\/users\/1"}],"replies":[{"embeddable":true,"href":"https:\/\/tangorra.de\/en\/wp-json\/wp\/v2\/comments?post=36"}],"version-history":[{"count":46,"href":"https:\/\/tangorra.de\/en\/wp-json\/wp\/v2\/pages\/36\/revisions"}],"predecessor-version":[{"id":770,"href":"https:\/\/tangorra.de\/en\/wp-json\/wp\/v2\/pages\/36\/revisions\/770"}],"up":[{"embeddable":true,"href":"https:\/\/tangorra.de\/en\/wp-json\/wp\/v2\/pages\/12"}],"wp:attachment":[{"href":"https:\/\/tangorra.de\/en\/wp-json\/wp\/v2\/media?parent=36"}],"curies":[{"name":"wp","href":"https:\/\/api.w.org\/{rel}","templated":true}]}}

<p>Born in Milan, Italy.<br>Lebt und arbeitet bei Lahr/Schwarzwald, DE + Mailand, IT.<br>Since 1984 she works as a self-employed visual artist.</p>



<div style="height:20px" aria-hidden="true" class="wp-block-spacer"></div>



<h4 class="wp-block-heading">Field of work</h4>



<p>Freie künstlerische Arbeit | Teilnahme an Kunstwettbewerben | Auftragsarbeiten im Bereich Malerei, Wandmalerei und Raumgestaltung | freie Lehrtätigkeit, Schwerpunkt Malerei und Hochschulstudium-Vorbereitung | Privatunterricht, künstlerische Begleitung</p>



<div style="height:20px" aria-hidden="true" class="wp-block-spacer"></div>



<h4 class="wp-block-heading">Künstlerische Ausbildung</h4>



<figure class="wp-block-table"><table><tbody><tr><td class="has-text-align-left" data-align="left">2005–2009</td><td>Accademia di Belle Arti di Brera, Kunst Diplom mit Auszeichnung</td></tr><tr><td class="has-text-align-left" data-align="left">1980–1984</td><td>Studium der Architektur an der Universität La Sapienza in Rom und am Politecnico Mailand</td></tr></tbody></table></figure>



<div style="height:20px" aria-hidden="true" class="wp-block-spacer"></div>



<h4 class="wp-block-heading">Künstlerische Aktivitäten</h4>



<figure class="wp-block-table"><table><tbody><tr><td class="has-text-align-left" data-align="left">2015–2019</td><td>Vorstandsmitglied BBK Südbaden und Kulturwerk T66 Freiburg</td></tr><tr><td class="has-text-align-left" data-align="left">seit 2018</td><td>Vorstandsmitglied Gemeinschaft Christliche Künstler Erzdiözese Freiburg</td></tr><tr><td class="has-text-align-left" data-align="left">seit 2017</td><td>Wissenschaftlicher Beirat der Pinakothek Montopoli di Sabina, Rieti IT</td></tr><tr><td class="has-text-align-left" data-align="left">2016 &#8211; 2023</td><td>Künstlerduo mit Annemarie Matzakow im Rahmen des Kunstprojektes <em>Voices of the World</em></td></tr></tbody></table></figure>



<div style="height:20px" aria-hidden="true" class="wp-block-spacer"></div>



<h4 class="wp-block-heading">Werke in öffentlichen Sammlungen</h4>



<p>Erzdiözese Freiburg im Breisgau<br>Museo della Specola, Castelgandolfo, Città del Vaticano<br>Rathaus Landau an der Isar<br>Pinacoteca di Montopoli di Sabina, Rieti, IT<br>Museo Sant&#8217;Oreste, Roma, IT<br>Archivio del &#8218;900 (MaRt),&nbsp; Rovereto IT<br>Centre Pompidou, Paris FR<br>Tate Modern Library, London UK<br>Museo del Novecento, Milano IT<br>Triennale, Milano IT<br>Museum of Contemporary Art (<em>MOCA</em>), Miami USA<br>Beinecke Rare Book &amp; Manuscript Library, Yale University of New Haven, Connecticut USA</p>



<div style="height:20px" aria-hidden="true" class="wp-block-spacer"></div>



<h4 class="wp-block-heading"><strong>Referenzen / Ankäufe (Auswahl)</strong></h4>



<p>Museo della Specola, Città del Vaticano, Pergament für die Päpstliche Unterschiftensammlung<br>Kapelle Castelgandolfo,  Città del Vaticano, Glasmalerei Entwurf<br>Rathaus Landau an der Isar, Gestaltung Trauungszimmer<br>St. Joseph Kapelle, Landau an der Isar, Deckengestaltung<em><br></em>Paulaner Bräuhaus, München, Decken- und Wandgemälden<br>Antonio Lupi Design,  Stabbia Cerreto Guidi, Floenz, Glasgestaltungs- Entwürfe Duschkabinen<em><br></em>Privatschulen Von Platen, Melbeck, Gemälde im Eingangssaal <em><br></em>Eurographics AG, Regensbur, Gestaltung von Editionen im Bereich Temporary Interior Design<em><br></em>Unser Wirtshaus, Eggenfelden, Deckengemälden <em><br></em>Hotel Colosseum, Wandmalerei, Europapark Rust<br>Sennhof, Rheinfelden Baden, Fassadenmalerei<br>Traditional Bathrooms, München DE und St. Johann CH<em><br></em>Hotel zur Sonne,  Badenweiler, Fassaden- und Wandmalerei, Ausstattung Hotel-Eingang und -Zimmer<em><br></em>Hotel Rappen, Freiburg, Wandmalerei  Hotel-Eingang und -Zimmer<em><br></em>Hotel Classic, Freiburg, Wandmalerei, Ausstattung der Gasträume und Hotelzimmer<em><br></em>Hotel Pfauen, Endingen am Kaiserstuhl, Entwurf Fassadengestaltung<br>Alemannische Bühne Freiburg, Veranstaltungsplakate<br>Loretto Kindergarten, Freiburg, Fassadenmalerei<br>Winzergenossenschaft Wolfenweiler eG, Schallstadt, Fassadenmalerei</p>



<div style="height:20px" aria-hidden="true" class="wp-block-spacer"></div>



<h4 class="wp-block-heading">Künstlervereinigungen</h4>



<p>Verwertungsgesellschaft VG Bild-Kunst<br>BBK Berufsverband Bildender Künstlerinnen und Künstler Karlsruhe<br>DG Kunstraum | Deutsche Gesellschaft für christliche Kunst, München<br>GCK Gemeinschaft Christlicher Künstler*innen. Erzdiözese Freiburg<br>Kunstverein der Diözese Rottenburg &#8211; Stuttgart<br>Künstlerverein L&#8217;Art pou Lahr, Lahr / Schwarzwald</p>



<div style="height:20px" aria-hidden="true" class="wp-block-spacer"></div>

<p>Geboren in Mailand, Italien.Lebt und arbeitet bei Lahr/Schwarzwald, DE + Mailand, IT.Seit 1984 freiberuflich tätig als bildende Künstlerin. Tätigkeitsfeld Freie künstlerische Arbeit | Teilnahme an Kunstwettbewerben | Auftragsarbeiten im Bereich Malerei, Wandmalerei und Raumgestaltung | freie Lehrtätigkeit, Schwerpunkt Malerei und Hochschulstudium-Vorbereitung | Privatunterricht, künstlerische Begleitung Künstlerische Ausbildung 2005–2009 Accademia di Belle Arti di Brera, Kunst [&hellip;]</p>
