{"id":90,"date":"2022-10-26T12:47:19","date_gmt":"2022-10-26T10:47:19","guid":{"rendered":"http:\/\/localhost:8888\/tangorra-wp\/?page_id=90"},"modified":"2023-05-13T20:10:55","modified_gmt":"2023-05-13T18:10:55","slug":"kuratorische-arbeit","status":"publish","type":"page","link":"https:\/\/tangorra.de\/en\/kunstvermittlung\/kuratorische-arbeit\/","title":{"rendered":"Kuratorische Arbeit"},"content":{"rendered":"<div style=\"height:20px\" aria-hidden=\"true\" class=\"wp-block-spacer\"><\/div>\n\n\n\n<h2 class=\"wp-block-heading\">Wonderlands, Kunst:Dialog Freiburg:Guildford<\/h2>\n\n\n\n<h4 class=\"wp-block-heading\"><strong>2019\u20132022<\/strong><\/h4>\n\n\n\n<p>Initiatorin, Leiterin und Kuratorin des Austausch- Projektes &#8222;Wonderlands Kunst:Dialog Freiburg:Guildford&#8220;, anl\u00e4sslich des 40-Jubil\u00e4ums der St\u00e4dtepartnerschaft Freiburg &#8211; Guildford.<br>Unterst\u00fctzt vom Pers\u00f6nlichen Referat des Oberb\u00fcrgermeisters \/ Internationales der Stadt Freiburg mit der Sparkasse Freiburg und von der Guidlford Twinning Association mit der Stadt Guildford.<br>Ausstellungen in:<br>Birtley House in Bramley, Surrey, anl\u00e4sslich des &#8222;Surrey Hills Sculpture Garden &amp; Art Festivals&#8220;<br>Guildford House Gallery, Guildford<br>Weingut Dilger, Freiburg<br>Teilnehmende K\u00fcnstler und K\u00fcnstlerinnen:<br>aus Freiburg: Celia Brown, Zoja Elchlepp, Irina Losinskaia, Cristina Ohlmer, M.C. Tangorra, Konrad Wallmeier<br>aus Guildford: John Lord, Nick Pyne, Taka Rothenburg<\/p>\n\n\n\n<figure class=\"wp-block-image size-large\"><img loading=\"lazy\" decoding=\"async\" width=\"1024\" height=\"585\" src=\"https:\/\/preview.tangorra.de\/wp-content\/uploads\/2023\/02\/MCTangorra_Guidford2019-1024x585.jpg\" alt=\"\" class=\"wp-image-387\" srcset=\"https:\/\/tangorra.de\/wp-content\/uploads\/2023\/02\/MCTangorra_Guidford2019-1024x585.jpg 1024w, https:\/\/tangorra.de\/wp-content\/uploads\/2023\/02\/MCTangorra_Guidford2019-300x171.jpg 300w, https:\/\/tangorra.de\/wp-content\/uploads\/2023\/02\/MCTangorra_Guidford2019-768x439.jpg 768w, https:\/\/tangorra.de\/wp-content\/uploads\/2023\/02\/MCTangorra_Guidford2019-18x10.jpg 18w, https:\/\/tangorra.de\/wp-content\/uploads\/2023\/02\/MCTangorra_Guidford2019.jpg 1466w\" sizes=\"auto, (max-width: 1024px) 100vw, 1024px\" \/><\/figure>\n\n\n\n<p>City of Guidford, Twinnings Jubilee<\/p>\n\n\n\n<div style=\"height:15px\" aria-hidden=\"true\" class=\"wp-block-spacer\"><\/div>\n\n\n\n<figure class=\"wp-block-gallery has-nested-images columns-default is-cropped wp-block-gallery-1 is-layout-flex wp-block-gallery-is-layout-flex\">\n<figure class=\"wp-block-image size-full\"><img loading=\"lazy\" decoding=\"async\" width=\"768\" height=\"1024\" data-id=\"401\" src=\"https:\/\/preview.tangorra.de\/wp-content\/uploads\/2023\/02\/IMG_20190617_155051578_HDR.jpg\" alt=\"\" class=\"wp-image-401\" srcset=\"https:\/\/tangorra.de\/wp-content\/uploads\/2023\/02\/IMG_20190617_155051578_HDR.jpg 768w, https:\/\/tangorra.de\/wp-content\/uploads\/2023\/02\/IMG_20190617_155051578_HDR-225x300.jpg 225w, https:\/\/tangorra.de\/wp-content\/uploads\/2023\/02\/IMG_20190617_155051578_HDR-9x12.jpg 9w\" sizes=\"auto, (max-width: 768px) 100vw, 768px\" \/><\/figure>\n<\/figure>\n\n\n\n<p>Mit der Italienischen Konsulin in Freiburg, Dott.ssa Toninato (Mitte) und Barbara Ford, Vorsitzende der Guildford Twinnings Association<\/p>\n\n\n\n<div style=\"height:20px\" aria-hidden=\"true\" class=\"wp-block-spacer\"><\/div>\n\n\n\n<h2 class=\"wp-block-heading\">Kaleidoskop Freiburg<\/h2>\n\n\n\n<h4 class=\"wp-block-heading\"><strong>2018<\/strong><\/h4>\n\n\n\n<p>Als&nbsp;Vorstandsmitglied des Kulturwerk T66 Freiburg hat Maria Cristina Tangorra&nbsp; anl\u00e4sslich des 50-j\u00e4hrigen Jubil\u00e4ums der St\u00e4dtepartnerschaft zwischen Freiburg und Padua das Projekt eines Austausches zwischen zeitgen\u00f6ssischen Kunstschaffenden ins Leben gerufen.<br>Aus Freiburg pr\u00e4sentieren gerade in Padua bis zum kommenden 09. Juli, 12 Freiburger K\u00fcnstlerinnen und K\u00fcnstler ihre Werke bei der Ausstellung \u201eKaleidoskop Freiburg\u201c, Kuratiert von Prof. Andrea B. Del Guercio im st\u00e4dtischen Centro Culturale Altinate San Gaetano.<br>Kunstschaffende&nbsp; aus Padua , werden im Herbst, von 29.09. &#8211; 29.10.2017, im Geiges Turm des Kulturwerk T66 ausstellen und am 27.10.2017 einen der Moving Image Fridays in Freiburger Museum f\u00fcr Neue Kunst&nbsp;gestalten.<br>Das Projekt wurde gef\u00f6rdert durch die St\u00e4dte Freiburg im Breisgau und Padua, mit der Unterst\u00fctzung des Italienischen Konsulats Freiburg im Breisgau und der Sparkasse Freiburg-N\u00f6rdlicher Breisgau.<br><br>F\u00fcr \u201eKaleidoskop Freiburg\u201c wurden folgende Kunstschaffenden eingeladen: Bettina Bosch, Werner Ewers, Andrea Hess, Brigitte Liebel, Jikkemien Ligteringen, Dieter Maertens, Thomas Matt, Michael Ott, Dietrich Sch\u00f6n, Maria Cristina Tangorra, Sylvia T. Verwick.&nbsp; Eine Hommage an Bert Jager erg\u00e4nzt die Freiburger Schau.<\/p>\n\n\n\n<p>Auf Einladung der K\u00fcnstlerinnen und K\u00fcnstler nehmen folgende Freiburger Kunstinstitutionen am Katalog und Ausstellung&nbsp; teil:&nbsp; Kunstraum Alexander B\u00fcrkle, Kunstverein Freiburg e.V., Morat-Institut f\u00fcr Kunst und Kunstwissenschaft, modo Verlag, Museum f\u00fcr Neue Kunst, Stiftung f\u00fcr Konkrete Kunst Roland Phleps.<br>Die Ausstellung wird in einem Begleitband des modo Verlags Freiburg dokumentiert, erh\u00e4ltlich in Freiburg direkt beim Kulturwerk T66. Die Texte von Andrea B. Del Guercio, Dozent an der Accademia di Belle Arti di Brera Mailand, sind in Italienisch und Deutsch.<br><br><\/p>\n\n\n<div class=\"wp-block-image\">\n<figure class=\"aligncenter size-large is-resized\"><img loading=\"lazy\" decoding=\"async\" src=\"https:\/\/preview.tangorra.de\/wp-content\/uploads\/2023\/03\/Kaleidoskop-Plakat-443x1024.jpeg\" alt=\"\" class=\"wp-image-520\" width=\"359\" height=\"830\" srcset=\"https:\/\/tangorra.de\/wp-content\/uploads\/2023\/03\/Kaleidoskop-Plakat-443x1024.jpeg 443w, https:\/\/tangorra.de\/wp-content\/uploads\/2023\/03\/Kaleidoskop-Plakat-130x300.jpeg 130w, https:\/\/tangorra.de\/wp-content\/uploads\/2023\/03\/Kaleidoskop-Plakat-5x12.jpeg 5w, https:\/\/tangorra.de\/wp-content\/uploads\/2023\/03\/Kaleidoskop-Plakat.jpeg 519w\" sizes=\"auto, (max-width: 359px) 100vw, 359px\" \/><\/figure>\n<\/div>\n\n\n<p>Plakat der Ausstellung Freiburger K\u00fcnstler in Padua<\/p>\n\n\n\n<p><\/p>\n\n\n\n<figure class=\"wp-block-image size-large\"><img decoding=\"async\" src=\"https:\/\/preview.tangorra.de\/wp-content\/uploads\/2023\/02\/Kaleidoskop-Plakat-1-443x1024.jpeg\" alt=\"\" class=\"wp-image-405\"\/><\/figure>\n\n\n\n<div style=\"height:20px\" aria-hidden=\"true\" class=\"wp-block-spacer\"><\/div>\n\n\n\n<h2 class=\"wp-block-heading\">Eine alt vertraute Erz\u00e4hlung, Bruno Gorlato in Freiburg<\/h2>\n\n\n\n<h4 class=\"wp-block-heading\"><strong>2017<\/strong><\/h4>\n\n\n\n<p>In Auftrag des Pers\u00f6nlichen Referats des Oberb\u00fcrgermeisters \/ Internationales der Stadt Freiburg<br>\u201eUn\u2018 antica commedia \u2013 Eine alt vertraute Erz\u00e4hlung\u201c , eine Ausstellung anl\u00e4sslich \u201e50 Jahre St\u00e4dtepartnerschaft Freiburg-Padua\u201c des Paduaner K\u00fcnstlers Bruno Gorlato<br>vom 22. August bis 8. September 2017, Meckelhalle, Sparkasse Freiburg<\/p>\n\n\n\n<p><\/p>\n\n\n\n<figure class=\"wp-block-image size-full\"><img loading=\"lazy\" decoding=\"async\" width=\"570\" height=\"550\" src=\"https:\/\/preview.tangorra.de\/wp-content\/uploads\/2023\/02\/BrunoGorlato_2017-Freiburg.jpg\" alt=\"\" class=\"wp-image-394\" srcset=\"https:\/\/tangorra.de\/wp-content\/uploads\/2023\/02\/BrunoGorlato_2017-Freiburg.jpg 570w, https:\/\/tangorra.de\/wp-content\/uploads\/2023\/02\/BrunoGorlato_2017-Freiburg-300x289.jpg 300w, https:\/\/tangorra.de\/wp-content\/uploads\/2023\/02\/BrunoGorlato_2017-Freiburg-12x12.jpg 12w\" sizes=\"auto, (max-width: 570px) 100vw, 570px\" \/><\/figure>\n\n\n\n<p><\/p>\n\n\n\n<div style=\"height:20px\" aria-hidden=\"true\" class=\"wp-block-spacer\"><\/div>","protected":false},"excerpt":{"rendered":"<p>Wonderlands, Kunst:Dialog Freiburg:Guildford 2019\u20132022 Initiatorin, Leiterin und Kuratorin des Austausch- Projektes &#8222;Wonderlands Kunst:Dialog Freiburg:Guildford&#8220;, anl\u00e4sslich des 40-Jubil\u00e4ums der St\u00e4dtepartnerschaft Freiburg &#8211; Guildford.Unterst\u00fctzt vom Pers\u00f6nlichen Referat des Oberb\u00fcrgermeisters \/ Internationales der Stadt Freiburg mit der Sparkasse Freiburg und von der Guidlford Twinning Association mit der Stadt Guildford.Ausstellungen in:Birtley House in Bramley, Surrey, anl\u00e4sslich des &#8222;Surrey Hills [&hellip;]<\/p>","protected":false},"author":1,"featured_media":0,"parent":16,"menu_order":2,"comment_status":"closed","ping_status":"closed","template":"","meta":{"footnotes":""},"class_list":["post-90","page","type-page","status-publish","hentry"],"_links":{"self":[{"href":"https:\/\/tangorra.de\/en\/wp-json\/wp\/v2\/pages\/90","targetHints":{"allow":["GET"]}}],"collection":[{"href":"https:\/\/tangorra.de\/en\/wp-json\/wp\/v2\/pages"}],"about":[{"href":"https:\/\/tangorra.de\/en\/wp-json\/wp\/v2\/types\/page"}],"author":[{"embeddable":true,"href":"https:\/\/tangorra.de\/en\/wp-json\/wp\/v2\/users\/1"}],"replies":[{"embeddable":true,"href":"https:\/\/tangorra.de\/en\/wp-json\/wp\/v2\/comments?post=90"}],"version-history":[{"count":18,"href":"https:\/\/tangorra.de\/en\/wp-json\/wp\/v2\/pages\/90\/revisions"}],"predecessor-version":[{"id":693,"href":"https:\/\/tangorra.de\/en\/wp-json\/wp\/v2\/pages\/90\/revisions\/693"}],"up":[{"embeddable":true,"href":"https:\/\/tangorra.de\/en\/wp-json\/wp\/v2\/pages\/16"}],"wp:attachment":[{"href":"https:\/\/tangorra.de\/en\/wp-json\/wp\/v2\/media?parent=90"}],"curies":[{"name":"wp","href":"https:\/\/api.w.org\/{rel}","templated":true}]}}

<div style="height:20px" aria-hidden="true" class="wp-block-spacer"></div>



<h2 class="wp-block-heading">Wonderlands, Kunst:Dialog Freiburg:Guildford</h2>



<h4 class="wp-block-heading"><strong>2019–2022</strong></h4>



<p>Initiatorin, Leiterin und Kuratorin des Austausch- Projektes &#8222;Wonderlands Kunst:Dialog Freiburg:Guildford&#8220;, anlässlich des 40-Jubiläums der Städtepartnerschaft Freiburg &#8211; Guildford.<br>Unterstützt vom Persönlichen Referat des Oberbürgermeisters / Internationales der Stadt Freiburg mit der Sparkasse Freiburg und von der Guidlford Twinning Association mit der Stadt Guildford.<br>Ausstellungen in:<br>Birtley House in Bramley, Surrey, anlässlich des &#8222;Surrey Hills Sculpture Garden &amp; Art Festivals&#8220;<br>Guildford House Gallery, Guildford<br>Weingut Dilger, Freiburg<br>Teilnehmende Künstler und Künstlerinnen:<br>aus Freiburg: Celia Brown, Zoja Elchlepp, Irina Losinskaia, Cristina Ohlmer, M.C. Tangorra, Konrad Wallmeier<br>aus Guildford: John Lord, Nick Pyne, Taka Rothenburg</p>



<figure class="wp-block-image size-large"><img loading="lazy" decoding="async" width="1024" height="585" src="https://preview.tangorra.de/wp-content/uploads/2023/02/MCTangorra_Guidford2019-1024x585.jpg" alt="" class="wp-image-387" srcset="https://tangorra.de/wp-content/uploads/2023/02/MCTangorra_Guidford2019-1024x585.jpg 1024w, https://tangorra.de/wp-content/uploads/2023/02/MCTangorra_Guidford2019-300x171.jpg 300w, https://tangorra.de/wp-content/uploads/2023/02/MCTangorra_Guidford2019-768x439.jpg 768w, https://tangorra.de/wp-content/uploads/2023/02/MCTangorra_Guidford2019-18x10.jpg 18w, https://tangorra.de/wp-content/uploads/2023/02/MCTangorra_Guidford2019.jpg 1466w" sizes="auto, (max-width: 1024px) 100vw, 1024px" /></figure>



<p>City of Guidford, Twinnings Jubilee</p>



<div style="height:15px" aria-hidden="true" class="wp-block-spacer"></div>



<figure class="wp-block-gallery has-nested-images columns-default is-cropped wp-block-gallery-1 is-layout-flex wp-block-gallery-is-layout-flex">
<figure class="wp-block-image size-full"><img loading="lazy" decoding="async" width="768" height="1024" data-id="401" src="https://preview.tangorra.de/wp-content/uploads/2023/02/IMG_20190617_155051578_HDR.jpg" alt="" class="wp-image-401" srcset="https://tangorra.de/wp-content/uploads/2023/02/IMG_20190617_155051578_HDR.jpg 768w, https://tangorra.de/wp-content/uploads/2023/02/IMG_20190617_155051578_HDR-225x300.jpg 225w, https://tangorra.de/wp-content/uploads/2023/02/IMG_20190617_155051578_HDR-9x12.jpg 9w" sizes="auto, (max-width: 768px) 100vw, 768px" /></figure>
</figure>



<p>Mit der Italienischen Konsulin in Freiburg, Dott.ssa Toninato (Mitte) und Barbara Ford, Vorsitzende der Guildford Twinnings Association</p>



<div style="height:20px" aria-hidden="true" class="wp-block-spacer"></div>



<h2 class="wp-block-heading">Kaleidoskop Freiburg</h2>



<h4 class="wp-block-heading"><strong>2018</strong></h4>



<p>Als&nbsp;Vorstandsmitglied des Kulturwerk T66 Freiburg hat Maria Cristina Tangorra&nbsp; anlässlich des 50-jährigen Jubiläums der Städtepartnerschaft zwischen Freiburg und Padua das Projekt eines Austausches zwischen zeitgenössischen Kunstschaffenden ins Leben gerufen.<br>Aus Freiburg präsentieren gerade in Padua bis zum kommenden 09. Juli, 12 Freiburger Künstlerinnen und Künstler ihre Werke bei der Ausstellung „Kaleidoskop Freiburg“, Kuratiert von Prof. Andrea B. Del Guercio im städtischen Centro Culturale Altinate San Gaetano.<br>Kunstschaffende&nbsp; aus Padua , werden im Herbst, von 29.09. &#8211; 29.10.2017, im Geiges Turm des Kulturwerk T66 ausstellen und am 27.10.2017 einen der Moving Image Fridays in Freiburger Museum für Neue Kunst&nbsp;gestalten.<br>Das Projekt wurde gefördert durch die Städte Freiburg im Breisgau und Padua, mit der Unterstützung des Italienischen Konsulats Freiburg im Breisgau und der Sparkasse Freiburg-Nördlicher Breisgau.<br><br>Für „Kaleidoskop Freiburg“ wurden folgende Kunstschaffenden eingeladen: Bettina Bosch, Werner Ewers, Andrea Hess, Brigitte Liebel, Jikkemien Ligteringen, Dieter Maertens, Thomas Matt, Michael Ott, Dietrich Schön, Maria Cristina Tangorra, Sylvia T. Verwick.&nbsp; Eine Hommage an Bert Jager ergänzt die Freiburger Schau.</p>



<p>Auf Einladung der Künstlerinnen und Künstler nehmen folgende Freiburger Kunstinstitutionen am Katalog und Ausstellung&nbsp; teil:&nbsp; Kunstraum Alexander Bürkle, Kunstverein Freiburg e.V., Morat-Institut für Kunst und Kunstwissenschaft, modo Verlag, Museum für Neue Kunst, Stiftung für Konkrete Kunst Roland Phleps.<br>Die Ausstellung wird in einem Begleitband des modo Verlags Freiburg dokumentiert, erhältlich in Freiburg direkt beim Kulturwerk T66. Die Texte von Andrea B. Del Guercio, Dozent an der Accademia di Belle Arti di Brera Mailand, sind in Italienisch und Deutsch.<br><br></p>


<div class="wp-block-image">
<figure class="aligncenter size-large is-resized"><img loading="lazy" decoding="async" src="https://preview.tangorra.de/wp-content/uploads/2023/03/Kaleidoskop-Plakat-443x1024.jpeg" alt="" class="wp-image-520" width="359" height="830" srcset="https://tangorra.de/wp-content/uploads/2023/03/Kaleidoskop-Plakat-443x1024.jpeg 443w, https://tangorra.de/wp-content/uploads/2023/03/Kaleidoskop-Plakat-130x300.jpeg 130w, https://tangorra.de/wp-content/uploads/2023/03/Kaleidoskop-Plakat-5x12.jpeg 5w, https://tangorra.de/wp-content/uploads/2023/03/Kaleidoskop-Plakat.jpeg 519w" sizes="auto, (max-width: 359px) 100vw, 359px" /></figure>
</div>


<p>Plakat der Ausstellung Freiburger Künstler in Padua</p>



<p></p>



<figure class="wp-block-image size-large"><img decoding="async" src="https://preview.tangorra.de/wp-content/uploads/2023/02/Kaleidoskop-Plakat-1-443x1024.jpeg" alt="" class="wp-image-405"/></figure>



<div style="height:20px" aria-hidden="true" class="wp-block-spacer"></div>



<h2 class="wp-block-heading">Eine alt vertraute Erzählung, Bruno Gorlato in Freiburg</h2>



<h4 class="wp-block-heading"><strong>2017</strong></h4>



<p>In Auftrag des Persönlichen Referats des Oberbürgermeisters / Internationales der Stadt Freiburg<br>„Un‘ antica commedia – Eine alt vertraute Erzählung“ , eine Ausstellung anlässlich „50 Jahre Städtepartnerschaft Freiburg-Padua“ des Paduaner Künstlers Bruno Gorlato<br>vom 22. August bis 8. September 2017, Meckelhalle, Sparkasse Freiburg</p>



<p></p>



<figure class="wp-block-image size-full"><img loading="lazy" decoding="async" width="570" height="550" src="https://preview.tangorra.de/wp-content/uploads/2023/02/BrunoGorlato_2017-Freiburg.jpg" alt="" class="wp-image-394" srcset="https://tangorra.de/wp-content/uploads/2023/02/BrunoGorlato_2017-Freiburg.jpg 570w, https://tangorra.de/wp-content/uploads/2023/02/BrunoGorlato_2017-Freiburg-300x289.jpg 300w, https://tangorra.de/wp-content/uploads/2023/02/BrunoGorlato_2017-Freiburg-12x12.jpg 12w" sizes="auto, (max-width: 570px) 100vw, 570px" /></figure>



<p></p>



<div style="height:20px" aria-hidden="true" class="wp-block-spacer"></div>

<p>Wonderlands, Kunst:Dialog Freiburg:Guildford 2019–2022 Initiatorin, Leiterin und Kuratorin des Austausch- Projektes &#8222;Wonderlands Kunst:Dialog Freiburg:Guildford&#8220;, anlässlich des 40-Jubiläums der Städtepartnerschaft Freiburg &#8211; Guildford.Unterstützt vom Persönlichen Referat des Oberbürgermeisters / Internationales der Stadt Freiburg mit der Sparkasse Freiburg und von der Guidlford Twinning Association mit der Stadt Guildford.Ausstellungen in:Birtley House in Bramley, Surrey, anlässlich des &#8222;Surrey Hills [&hellip;]</p>
